 3
-12010
2321013 (base 4) to base 6
130503
Convert -10298 (base 11) to base 7.
-61463
Convert -151b (base 12) to base 4.
-212213
Convert -1331442 (base 5) to base 6.
-325322
Convert 19a (base 15) to base 8.
562
What is 102201 (base 7) in base 9?
26116
Convert -649b (base 13) to base 2.
-11011010100010
What is 20302 (base 5) in base 15?
5d7
What is -388 (base 10) in base 8?
-604
What is 421 (base 13) in base 15?
31d
Convert -28253 (base 11) to base 4.
-21310212
3587 (base 10) to base 11
2771
11753 (base 8) to base 15
179e
Convert -10000111101 (base 2) to base 15.
-4c5
1011100010000 (base 2) to base 11
4488
Convert 9d5a (base 15) to base 4.
20021221
Convert -503 (base 11) to base 14.
-316
7a07 (base 11) to base 3
112110011
Convert 1000 (base 2) to base 5.
13
What is -24a (base 16) in base 4?
-21022
Convert -4a0 (base 11) to base 6.
-2430
Convert 8a10 (base 15) to base 14.
a945
Convert 575 (base 10) to base 13.
353
-1322 (base 9) to base 11
-822
-889 (base 10) to base 7
-2410
What is 1304 (base 6) in base 5?
2303
80a (base 11) to base 16
3d2
-110001101011 (base 2) to base 4
-301223
What is -3258 (base 10) in base 12?
-1a76
-100021 (base 3) to base 16
-fa
Convert 3766 (base 9) to base 12.
1766
What is -232123 (base 5) in base 4?
-2003131
-533 (base 6) to base 9
-243
Convert 5103 (base 8) to base 10.
2627
Convert -1202120102 (base 3) to base 13.
-12a28
What is -232 (base 13) in base 15?
-1a4
Convert 15620 (base 7) to base 16.
1148
1536 (base 9) to base 6
5223
What is 44 (base 16) in base 6?
152
Convert -11011110010100 (base 2) to base 14.
-5284
Convert -1110012 (base 3) to base 4.
-100202
-11325 (base 15) to base 13
-1bb96
Convert 1130444 (base 5) to base 6.
240021
Convert 33030 (base 4) to base 13.
59a
670 (base 8) to base 12
308
-143024 (base 5) to base 11
-4578
-409 (base 10) to base 15
-1c4
3164 (base 8) to base 10
1652
What is -1005 (base 7) in base 13?
-20a
What is 60eb (base 15) in base 13?
9419
What is -18349 (base 10) in base 4?
-10132231
-47dd (base 15) to base 4
-3232303
-141320 (base 5) to base 3
-22000010
What is 8426 (base 11) in base 14?
40d2
Convert -12017 (base 8) to base 6.
-35435
What is -335 (base 10) in base 2?
-101001111
-4061 (base 15) to base 16
-3517
What is -997a (base 14) in base 8?
-63710
-2715 (base 8) to base 9
-2030
What is 142433 (base 5) in base 8?
13551
What is 9ba7 (base 13) in base 8?
52411
Convert -21127 (base 8) to base 5.
-240131
aa22 (base 16) to base 4
22220202
Convert -11011111011110 (base 2) to base 8.
-33736
11a8b (base 13) to base 16
7f33
300203 (base 5) to base 16
24d4
Convert -1545 (base 9) to base 10.
-1175
Convert 104204 (base 9) to base 3.
10011020011
What is -1239 (base 14) in base 9?
-4331
Convert -656 (base 12) to base 2.
-1110100010
-a11a (base 11) to base 2
-11010010001100
Convert 1016 (base 12) to base 2.
11011010010
4308 (base 9) to base 16
c5f
41350 (base 7) to base 2
10011110010001
Convert 6cf7 (base 16) to base 2.
110110011110111
What is 12345 (base 8) in base 2?
1010011100101
What is -200101 (base 3) in base 7?
-1306
4670 (base 9) to base 10
3465
Convert -180a (base 11) to base 12.
-1405
-2551 (base 8) to base 3
-1220022
What is 23033332 (base 4) in base 3?
2100012121
Convert -21a8 (base 15) to base 10.
-7133
What is -2211002 (base 4) in base 10?
-10562
Convert -5165 (base 7) to base 16.
-713
What is 452 (base 10) in base 15?
202
Convert -623 (base 14) to base 10.
-1207
-20012101 (base 3) to base 8
-10647
Convert -169 (base 16) to base 14.
-1bb
Convert -235 (base 16) to base 6.
-2341
What is 674 (base 8) in base 11?
374
3a5 (base 12) to base 9
678
-1021100011 (base 3) to base 2
-110000111001001
213310 (base 4) to base 11
1a07
21138 (base 9) to base 2
11011010001111
-12524 (base 6) to base 13
-b50
Convert -2bc (base 16) to base 4.
-22330
Convert -71a (base 12) to base 9.
-1364
-14322 (base 5) to base 7
-3351
Convert 1253 (base 10) to base 4.
103211
126c0 (base 15) to base 11
40290
What is 352 (base 7) in base 10?
184
What is 106221 (base 9) in base 15?
13ca4
311 (base 6) to base 3
11021
Convert 323003 (base 4) to base 6.
25255
Convert 3233033 (base 4) to base 5.
442221
What is 3693 (base 11) in base 4?
1023111
1764 (base 8) to base 4
33310
Convert 220200 (base 3) to base 11.
556
What is -14142 (base 7) in base 6?
-25500
1604 (base 7) to base 16
281
What is 386 (base 13) in base 11?
511
1031222 (base 4) to base 11
3809
Convert -265 (base 16) to base 13.
-382
Convert -10101011101 (base 2) to base 5.
-20443
What is -2261 (base 9) in base 2?
-11010001011
-252 (base 15) to base 13
-317
What is 185 (base 15) in base 13?
20c
-3030 (base 7) to base 11
-875
Convert -934 (base 16) to base 3.
-10020021
Convert 2085 (base 10) to base 2.
100000100101
What is 46310 (base 9) in base 5?
1441440
What is -6904 (base 11) in base 4?
-2031313
What is 19 (base 16) in base 10?
25
-657 (base 8) to base 16
-1af
35c1 (base 13) to base 2
1110110101001
What is 16e2 (base 15) in base 4?
1031021
-22003 (base 4) to base 3
-212211
d2c2 (base 16) to base 12
27282
What is -12a0 (base 11) in base 3?
-2022100
-36 (base 7) to base 6
-43
Convert 8023 (base 16) to base 14.
bd51
Convert -607 (base 14) to base 3.
-1121211
What is -406 (base 9) in base 10?
-330
-124312 (base 7) to base 3
-1011201221
What is 10110111000001 (base 2) in base 3?
121001211
What is 2a56 (base 11) in base 4?
331131
Convert 11560 (base 7) to base 13.
14c2
-1354 (base 6) to base 13
-217
What is -8975 (base 12) in base 3?
-202212022
25 (base 13) to base 14
23
Convert 966 (base 16) to base 13.
1131
What is -188a (base 11) in base 14?
-c33
Convert -6d5c (base 14) to base 9.
-28165
1286 (base 10) to base 6
5542
Convert 11ca (base 16) to base 6.
33030
Convert -17205 (base 12) to base 9.
-50385
Convert 54714 (base 8) to base 4.
11213030
Convert -11212 (base 4) to base 16.
-166
2905 (base 10) to base 12
1821
What is -2498 (base 11) in base 4?
-302311
83d8 (base 14) to base 5
1211410
Convert -22210 (base 4) to base 14.
-364
1467 (base 16) to base 13
24ba
Convert 2203 (base 4) to base 14.
b9
What is 37 (base 10) in base 16?
25
Convert 461 (base 14) to base 12.
605
-110311 (base 4) to base 12
-931
What is 729 (base 13) in base 16?
4c2
What is -14278 (base 9) in base 14?
-3778
-202210010 (base 3) to base 11
-10423
Convert 1101011020 (base 3) to base 4.
12213033
114b (base 14) to base 5
44012
What is -8622 (base 9) in base 2?
-1100011000010
What is 8e (base 15) in base 4?
2012
Convert -831 (base 11) to base 6.
-4350
What is -1266 (base 10) in base 13?
-765
Convert -566 (base 13) to base 9.
-1242
Convert -2021111 (base 3) to base 15.
-75a
Convert -17025 (base 8) to base 9.
-11506
-1667 (base 9) to base 12
-8a4
What is 101010101100 (base 2) in base 7?
10652
1745 (base 10) to base 15
7b5
Convert 702 (base 9) to base 15.
27e
Convert 126361 (base 8) to base 15.
d1b8
What is 20e (base 16) in base 12?
37a
What is -12032 (base 5) in base 2?
-1101111100
What is -28046 (base 10) in base 3?
-1102110202
What is 122110 (base 3) in base 8?
727
1040 (base 9) to base 3
1001100
What is -1697 (base 12) in base 7?
-10615
What is 1062 (base 7) in base 5?
3022
Convert -16426 (base 7) to base 14.
-19bd
-20211221 (base 3) to base 4
-1032001
Convert 373 (base 8) to base 4.
3323
What is -161132 (base 7) in base 10?
-31628
-664 (base 10) to base 12
-474
Convert 810 (base 16) to base 11.
1607
Convert 98 (base 16) to base 11.
129
What is 20 (base 11) in base 3?
211
Convert -1006 (base 9) to base 16.
-2df
What is 56063 (base 8) in base 12?
117ab
-1231 (base 4) to base 3
-11001
Convert -319a (base 14) to base 4.
-2011310
What is 40 (base 9) in base 13?
2a
16405 (base 7) to base 16
1234
6630 (base 10) to base 3
100002120
-23002 (base 6) to base 15
-e62
-2506 (base 13) to base 12
-3051
What is 2dc5 (base 15) in base 11?
7454
Convert -4142 (base 7) to base 12.
-a0b
Convert -1001000110 (base 2) to base 15.
-28c
Convert 110556 (base 9) to base 15.
14896
Convert 437 (base 13) to base 8.
1322
Convert 6355 (base 7) to base 5.
32440
Convert -22225 (base 7) to base 4.
-1113211
2058 (base 13) to base 14
18b1
Convert 11448 (base 9) to base 6.
55242
Convert 4221221 (base 5) to base 10.
70186
Convert -2541 (base 13) to base 5.
-132132
Convert -4a1 (base 13) to base 6.
-3423
Convert -2b7d (base 15) to base